{"id":64,"date":"2021-04-25T18:53:24","date_gmt":"2021-04-25T18:53:24","guid":{"rendered":"http:\/\/caticalo.com\/?page_id=64"},"modified":"2021-06-22T20:14:21","modified_gmt":"2021-06-22T20:14:21","slug":"otras-obras","status":"publish","type":"page","link":"https:\/\/caticalo.com\/index.php\/otras-obras\/","title":{"rendered":"Otras Obras"},"content":{"rendered":"\n<h3 class=\"wp-block-heading\">Novelitas<\/h3>\n\n\n\n<p class=\"has-vivid-green-cyan-color has-text-color\">Escribe algo aqu\u00ed<\/p>\n\n\n\n<div class=\"wp-block-columns is-layout-flex wp-container-core-columns-is-layout-1 wp-block-columns-is-layout-flex\">\n<div class=\"wp-block-column is-layout-flow wp-block-column-is-layout-flow\" style=\"flex-basis:33.33%\">\n<div class=\"wp-block-image\"><figure class=\"aligncenter size-large is-resized\"><a href=\"https:\/\/www.wattpad.com\/story\/266215739-las-tres-plumas\"><img loading=\"lazy\" decoding=\"async\" src=\"http:\/\/caticalo.com\/wp-content\/uploads\/2021\/06\/3plumas.jpg\" alt=\"\" class=\"wp-image-184\" width=\"200\" height=\"300\"\/><\/a><\/figure><\/div>\n<\/div>\n\n\n\n<div class=\"wp-block-column is-layout-flow wp-block-column-is-layout-flow\" style=\"flex-basis:66.66%\">\n<h4 class=\"wp-block-heading\">Las Tres Plumas<\/h4>\n\n\n\n<p>Este es un relato que escrib\u00ed para la convocatoria de la Antolog\u00eda Celta de Ediciones Freya.<br>La premisa consist\u00eda en retratar alg\u00fan aspecto de la cultura celta en cualquiera de sus vertientes, y yo me decant\u00e9 por darle un contexto de fantas\u00eda a la diosa Morrigan, deidad de la guerra, la muerte y el destino.<\/p>\n\n\n\n<p class=\"has-small-font-size\">Trigger warnings: violencia (guerra), sangre, sexo (no expl\u00edcito), suicidio (no expl\u00edcito).<\/p>\n\n\n\n<p id=\"block-1e59a80b-218b-40e7-8e1d-10d794e4bd82\"><strong><a href=\"https:\/\/www.wattpad.com\/story\/266215739-las-tres-plumas\">Leeme aqu\u00ed<\/a><\/strong><\/p>\n<\/div>\n<\/div>\n\n\n\n<h3 class=\"wp-block-heading\">Relatos<\/h3>\n\n\n\n<p class=\"has-vivid-green-cyan-color has-text-color\">Escribe algo aqu\u00ed<\/p>\n\n\n\n<div class=\"wp-block-columns is-layout-flex wp-container-core-columns-is-layout-2 wp-block-columns-is-layout-flex\">\n<div class=\"wp-block-column is-layout-flow wp-block-column-is-layout-flow\" style=\"flex-basis:33.33%\">\n<div class=\"wp-block-image\"><figure class=\"aligncenter size-large is-resized\"><a href=\"https:\/\/www.wattpad.com\/story\/203611612-a-lavandeira\"><img loading=\"lazy\" decoding=\"async\" src=\"http:\/\/caticalo.com\/wp-content\/uploads\/2021\/06\/alavandeira-1.jpg\" alt=\"\" class=\"wp-image-190\" width=\"199\" height=\"312\" srcset=\"https:\/\/caticalo.com\/wp-content\/uploads\/2021\/06\/alavandeira-1.jpg 352w, https:\/\/caticalo.com\/wp-content\/uploads\/2021\/06\/alavandeira-1-192x300.jpg 192w, https:\/\/caticalo.com\/wp-content\/uploads\/2021\/06\/alavandeira-1-38x60.jpg 38w\" sizes=\"(max-width: 199px) 100vw, 199px\" \/><\/a><\/figure><\/div>\n<\/div>\n\n\n\n<div class=\"wp-block-column is-layout-flow wp-block-column-is-layout-flow\" style=\"flex-basis:66.66%\">\n<h4 class=\"alignwide wp-block-heading\">A Lavandeira<\/h4>\n\n\n\n<p>Esta es una breve historia inspirada por el desaf\u00edo de Halloween de la editorial El_C\u00edrculo2019, cuyo t\u00edtulo es \u00abBestiario: leyendas olvidadas\u00bb<br>La premisa era la siguiente:<br>Narrar una historia desde el punto de vista de un monstro o criatura t\u00edpica del folclore de nuestra regi\u00f3n que no supere las 3500 palabras.<br>Como algunos sabr\u00e9is, soy gallega, y si algo abunda en mi tierra son los mitos y las figuras m\u00edsticas.<br>Para este relato he escogido una que a pesar de ser conocida en Galicia, quiz\u00e1s no lo es tanto de puertas para afuera, al margen de las t\u00edpicas meigas o la Santa Compa\u00f1a: Las lavandeiras.<br>\u00a1Si quieres saber m\u00e1s, entra y echa un ojo!<\/p>\n\n\n\n<p>Aclaraci\u00f3n: A pesar de que el t\u00edtulo est\u00e1 escrito en gallego, el relato est\u00e1 en castellano para que cualqueira pueda entenderlo ^^<\/p>\n\n\n\n<p id=\"block-1e59a80b-218b-40e7-8e1d-10d794e4bd82\"><strong><a href=\"https:\/\/www.wattpad.com\/story\/203611612-a-lavandeira\">Leeme aqu\u00ed<\/a><\/strong><\/p>\n<\/div>\n<\/div>\n\n\n\n<div class=\"wp-block-columns is-layout-flex wp-container-core-columns-is-layout-3 wp-block-columns-is-layout-flex\">\n<div class=\"wp-block-column is-layout-flow wp-block-column-is-layout-flow\" style=\"flex-basis:33.33%\">\n<div class=\"wp-block-image\"><figure class=\"aligncenter size-large is-resized\"><a href=\"https:\/\/www.wattpad.com\/story\/200123072-mar%C3%ADa-meiga\"><img loading=\"lazy\" decoding=\"async\" src=\"http:\/\/caticalo.com\/wp-content\/uploads\/2021\/06\/maria-meiga.jpg\" alt=\"\" class=\"wp-image-193\" width=\"198\" height=\"311\"\/><\/a><\/figure><\/div>\n<\/div>\n\n\n\n<div class=\"wp-block-column is-layout-flow wp-block-column-is-layout-flow\" style=\"flex-basis:66.66%\">\n<h4 class=\"alignwide wp-block-heading\">Mar\u00eda Meiga<\/h4>\n\n\n\n<p>Este es un relato corto que escrib\u00ed para presentar a un concurso. La premisa era que fuese fant\u00e1stico, cuyo tema fuese \u00abBrujer\u00eda\u00bb y que no superase las mil palabras. Os dejo aqu\u00ed la primera versi\u00f3n que escrib\u00ed, m\u00e1s larga que la que al final envi\u00e9 por las propias bases del concurso, pero que a m\u00ed me gusta m\u00e1s.<br>Esta vez he recurrido al folclore de mi tierra para traeros la historia de In\u00e9s, una meiga que no tiene miedo de enfrentarse a su destino\u2026<\/p>\n\n\n\n<p id=\"block-1e59a80b-218b-40e7-8e1d-10d794e4bd82\"><strong><a href=\"https:\/\/www.wattpad.com\/story\/200123072-mar%C3%ADa-meiga\">Leeme aqu\u00ed<\/a><\/strong><\/p>\n<\/div>\n<\/div>\n","protected":false},"excerpt":{"rendered":"<p>Novelitas Escribe algo aqu\u00ed Las Tres Plumas Este es un relato que escrib\u00ed para la convocatoria de la Antolog\u00eda Celta de Ediciones Freya.La premisa consist\u00eda &hellip; <\/p>\n","protected":false},"author":1,"featured_media":0,"parent":0,"menu_order":0,"comment_status":"closed","ping_status":"closed","template":"","meta":{"footnotes":""},"class_list":["post-64","page","type-page","status-publish","hentry","latest_post"],"yoast_head":"<!-- This site is optimized with the Yoast SEO plugin v23.2 - https:\/\/yoast.com\/wordpress\/plugins\/seo\/ -->\n<title>Otras Obras - Cati Calo<\/title>\n<meta name=\"robots\" content=\"index, follow, max-snippet:-1, max-image-preview:large, max-video-preview:-1\" \/>\n<link rel=\"canonical\" href=\"https:\/\/caticalo.com\/index.php\/otras-obras\/\" \/>\n<meta property=\"og:locale\" content=\"es_ES\" \/>\n<meta property=\"og:type\" content=\"article\" \/>\n<meta property=\"og:title\" content=\"Otras Obras - Cati Calo\" \/>\n<meta property=\"og:description\" content=\"Novelitas Escribe algo aqu\u00ed Las Tres Plumas Este es un relato que escrib\u00ed para la convocatoria de la Antolog\u00eda Celta de Ediciones Freya.La premisa consist\u00eda &hellip;\" \/>\n<meta property=\"og:url\" content=\"https:\/\/caticalo.com\/index.php\/otras-obras\/\" \/>\n<meta property=\"og:site_name\" content=\"Cati Calo\" \/>\n<meta property=\"article:modified_time\" content=\"2021-06-22T20:14:21+00:00\" \/>\n<meta property=\"og:image\" content=\"http:\/\/caticalo.com\/wp-content\/uploads\/2021\/06\/3plumas.jpg\" \/>\n<meta name=\"twitter:card\" content=\"summary_large_image\" \/>\n<meta name=\"twitter:label1\" content=\"Tiempo de lectura\" \/>\n\t<meta name=\"twitter:data1\" content=\"2 minutos\" \/>\n<script type=\"application\/ld+json\" class=\"yoast-schema-graph\">{\"@context\":\"https:\/\/schema.org\",\"@graph\":[{\"@type\":\"WebPage\",\"@id\":\"https:\/\/caticalo.com\/index.php\/otras-obras\/\",\"url\":\"https:\/\/caticalo.com\/index.php\/otras-obras\/\",\"name\":\"Otras Obras - Cati Calo\",\"isPartOf\":{\"@id\":\"https:\/\/caticalo.com\/#website\"},\"primaryImageOfPage\":{\"@id\":\"https:\/\/caticalo.com\/index.php\/otras-obras\/#primaryimage\"},\"image\":{\"@id\":\"https:\/\/caticalo.com\/index.php\/otras-obras\/#primaryimage\"},\"thumbnailUrl\":\"http:\/\/caticalo.com\/wp-content\/uploads\/2021\/06\/3plumas.jpg\",\"datePublished\":\"2021-04-25T18:53:24+00:00\",\"dateModified\":\"2021-06-22T20:14:21+00:00\",\"breadcrumb\":{\"@id\":\"https:\/\/caticalo.com\/index.php\/otras-obras\/#breadcrumb\"},\"inLanguage\":\"es\",\"potentialAction\":[{\"@type\":\"ReadAction\",\"target\":[\"https:\/\/caticalo.com\/index.php\/otras-obras\/\"]}]},{\"@type\":\"ImageObject\",\"inLanguage\":\"es\",\"@id\":\"https:\/\/caticalo.com\/index.php\/otras-obras\/#primaryimage\",\"url\":\"https:\/\/caticalo.com\/wp-content\/uploads\/2021\/06\/3plumas.jpg\",\"contentUrl\":\"https:\/\/caticalo.com\/wp-content\/uploads\/2021\/06\/3plumas.jpg\",\"width\":352,\"height\":550},{\"@type\":\"BreadcrumbList\",\"@id\":\"https:\/\/caticalo.com\/index.php\/otras-obras\/#breadcrumb\",\"itemListElement\":[{\"@type\":\"ListItem\",\"position\":1,\"name\":\"Home\",\"item\":\"https:\/\/caticalo.com\/\"},{\"@type\":\"ListItem\",\"position\":2,\"name\":\"Otras Obras\"}]},{\"@type\":\"WebSite\",\"@id\":\"https:\/\/caticalo.com\/#website\",\"url\":\"https:\/\/caticalo.com\/\",\"name\":\"Cati Calo\",\"description\":\"\",\"potentialAction\":[{\"@type\":\"SearchAction\",\"target\":{\"@type\":\"EntryPoint\",\"urlTemplate\":\"https:\/\/caticalo.com\/?s={search_term_string}\"},\"query-input\":\"required name=search_term_string\"}],\"inLanguage\":\"es\"}]}<\/script>\n<!-- \/ Yoast SEO plugin. -->","yoast_head_json":{"title":"Otras Obras - Cati Calo","robots":{"index":"index","follow":"follow","max-snippet":"max-snippet:-1","max-image-preview":"max-image-preview:large","max-video-preview":"max-video-preview:-1"},"canonical":"https:\/\/caticalo.com\/index.php\/otras-obras\/","og_locale":"es_ES","og_type":"article","og_title":"Otras Obras - Cati Calo","og_description":"Novelitas Escribe algo aqu\u00ed Las Tres Plumas Este es un relato que escrib\u00ed para la convocatoria de la Antolog\u00eda Celta de Ediciones Freya.La premisa consist\u00eda &hellip;","og_url":"https:\/\/caticalo.com\/index.php\/otras-obras\/","og_site_name":"Cati Calo","article_modified_time":"2021-06-22T20:14:21+00:00","og_image":[{"url":"http:\/\/caticalo.com\/wp-content\/uploads\/2021\/06\/3plumas.jpg"}],"twitter_card":"summary_large_image","twitter_misc":{"Tiempo de lectura":"2 minutos"},"schema":{"@context":"https:\/\/schema.org","@graph":[{"@type":"WebPage","@id":"https:\/\/caticalo.com\/index.php\/otras-obras\/","url":"https:\/\/caticalo.com\/index.php\/otras-obras\/","name":"Otras Obras - Cati Calo","isPartOf":{"@id":"https:\/\/caticalo.com\/#website"},"primaryImageOfPage":{"@id":"https:\/\/caticalo.com\/index.php\/otras-obras\/#primaryimage"},"image":{"@id":"https:\/\/caticalo.com\/index.php\/otras-obras\/#primaryimage"},"thumbnailUrl":"http:\/\/caticalo.com\/wp-content\/uploads\/2021\/06\/3plumas.jpg","datePublished":"2021-04-25T18:53:24+00:00","dateModified":"2021-06-22T20:14:21+00:00","breadcrumb":{"@id":"https:\/\/caticalo.com\/index.php\/otras-obras\/#breadcrumb"},"inLanguage":"es","potentialAction":[{"@type":"ReadAction","target":["https:\/\/caticalo.com\/index.php\/otras-obras\/"]}]},{"@type":"ImageObject","inLanguage":"es","@id":"https:\/\/caticalo.com\/index.php\/otras-obras\/#primaryimage","url":"https:\/\/caticalo.com\/wp-content\/uploads\/2021\/06\/3plumas.jpg","contentUrl":"https:\/\/caticalo.com\/wp-content\/uploads\/2021\/06\/3plumas.jpg","width":352,"height":550},{"@type":"BreadcrumbList","@id":"https:\/\/caticalo.com\/index.php\/otras-obras\/#breadcrumb","itemListElement":[{"@type":"ListItem","position":1,"name":"Home","item":"https:\/\/caticalo.com\/"},{"@type":"ListItem","position":2,"name":"Otras Obras"}]},{"@type":"WebSite","@id":"https:\/\/caticalo.com\/#website","url":"https:\/\/caticalo.com\/","name":"Cati Calo","description":"","potentialAction":[{"@type":"SearchAction","target":{"@type":"EntryPoint","urlTemplate":"https:\/\/caticalo.com\/?s={search_term_string}"},"query-input":"required name=search_term_string"}],"inLanguage":"es"}]}},"_links":{"self":[{"href":"https:\/\/caticalo.com\/index.php\/wp-json\/wp\/v2\/pages\/64"}],"collection":[{"href":"https:\/\/caticalo.com\/index.php\/wp-json\/wp\/v2\/pages"}],"about":[{"href":"https:\/\/caticalo.com\/index.php\/wp-json\/wp\/v2\/types\/page"}],"author":[{"embeddable":true,"href":"https:\/\/caticalo.com\/index.php\/wp-json\/wp\/v2\/users\/1"}],"replies":[{"embeddable":true,"href":"https:\/\/caticalo.com\/index.php\/wp-json\/wp\/v2\/comments?post=64"}],"version-history":[{"count":0,"href":"https:\/\/caticalo.com\/index.php\/wp-json\/wp\/v2\/pages\/64\/revisions"}],"wp:attachment":[{"href":"https:\/\/caticalo.com\/index.php\/wp-json\/wp\/v2\/media?parent=64"}],"curies":[{"name":"wp","href":"https:\/\/api.w.org\/{rel}","templated":true}]}}